ivided by 56.
53
Calculate the remainder when 46126423 is divided by 7.
0
Calculate the remainder when 1227345 is divided by 5359.
134
Calculate the remainder when 179639 is divided by 179331.
308
Calculate the remainder when 17064496 is divided by 162519.
1
Calculate the remainder when 5680006 is divided by 8945.
8876
What is the remainder when 10355 is divided by 1000?
355
What is the remainder when 76229 is divided by 818?
155
Calculate the remainder when 44627358 is divided by 115.
113
What is the remainder when 2640334 is divided by 114795?
49
Calculate the remainder when 41005686 is divided by 121.
117
What is the remainder when 16776 is divided by 16644?
132
Calculate the remainder when 5936990 is divided by 2187.
1472
Calculate the remainder when 23252705 is divided by 362.
359
What is the remainder when 5881938 is divided by 6185?
3
Calculate the remainder when 17069476 is divided by 329.
298
Calculate the remainder when 19267696 is divided by 419.
400
What is the remainder when 21898054 is divided by 7299340?
34
What is the remainder when 307618 is divided by 8455?
3238
What is the remainder when 15300 is divided by 3525?
1200
Calculate the remainder when 59494 is divided by 1701.
1660
Calculate the remainder when 434190 is divided by 1840.
1790
Calculate the remainder when 230807881 is divided by 385.
381
What is the remainder when 4995025 is divided by 8687?
0
Calculate the remainder when 1371564 is divided by 45.
9
Calculate the remainder when 14085111 is divided by 1536.
1527
Calculate the remainder when 27440 is divided by 1282.
518
What is the remainder when 70485 is divided by 2688?
597
What is the remainder when 384058032 is divided by 15?
12
What is the remainder when 88534 is divided by 1194?
178
Calculate the remainder when 264220 is divided by 178.
68
What is the remainder when 2337345 is divided by 116867?
5
What is the remainder when 463195 is divided by 1158?
1153
Calculate the remainder when 147775 is divided by 29548.
35
What is the remainder when 271372 is divided by 11256?
1228
What is the remainder when 25597 is divided by 4676?
2217
What is the remainder when 15125 is divided by 1790?
805
What is the remainder when 21501407 is divided by 388?
387
What is the remainder when 24440133 is divided by 56184?
93
What is the remainder when 30117118 is divided by 992?
990
Calculate the remainder when 349145 is divided by 174418.
309
What is the remainder when 538240 is divided by 25?
15
Calculate the remainder when 2750841 is divided by 82.
69
What is the remainder when 13867447 is divided by 87?
82
What is the remainder when 8597 is divided by 6931?
1666
What is the remainder when 9584882 is divided by 29221?
394
Calculate the remainder when 655101 is divided by 1248.
1149
Calculate the remainder when 184568 is divided by 179.
19
Calculate the remainder when 199987986 is divided by 230.
226
Calculate the remainder when 409548 is divided by 58506.
6
Calculate the remainder when 671595 is divided by 134290.
145
What is the remainder when 102759 is divided by 8011?
6627
Calculate the remainder when 555947537 is divided by 1285.
1282
Calculate the remainder when 1439315 is divided by 16.
3
Calculate the remainder when 793198 is divided by 793062.
136
Calculate the remainder when 12075597 is divided by 87.
84
What is the remainder when 14212 is divided by 9338?
4874
What is the remainder when 8397642 is divided by 1485?
1452
What is the remainder when 220264318 is divided by 13471?
13468
What is the remainder when 4739094 is divided by 789831?
108
What is the remainder when 742186 is divided by 40?
26
Calculate the remainder when 18629953 is divided by 94.
93
What is the remainder when 4477470 is divided by 32?
30
Calculate the remainder when 72234379 is divided by 849816.
19
Calculate the remainder when 1009560 is divided by 358.
0
What is the remainder when 3638077 is divided by 5197?
177
What is the remainder when 2707764 is divided by 1353874?
16
Calculate the remainder when 1344680 is divided by 1781.
25
Calculate the remainder when 1944665 is divided by 1944611.
54
Calculate the remainder when 36358268 is divided by 1131.
11
Calculate the remainder when 3386160 is divided by 1624.
120
What is the remainder when 3699598 is divided by 187?
177
What is the remainder when 256811 is divided by 195?
191
What is the remainder when 140898 is divided by 5216?
66
Calculate the remainder when 194468 is divided by 93926.
6616
What is the remainder when 7829 is divided by 1673?
1137
Calculate the remainder when 264532 is divided by 321.
28
Calculate the remainder when 3757 is divided by 3105.
652
Calculate the remainder when 867297535 is divided by 1516.
1515
What is the remainder when 1410024 is divided by 42727?
33
Calculate the remainder when 933924 is divided by 1709.
810
What is the remainder when 1222980 is divided by 7548?
204
Calculate the remainder when 36208 is divided by 3672.
3160
What is the remainder when 28032 is divided by 3461?
344
What is the remainder when 27949067 is divided by 6901?
17
What is the remainder when 7586443 is divided by 476?
431
Calculate the remainder when 41909707 is divided by 1128.
1123
Calculate the remainder when 17586 is divided by 7291.
3004
What is the remainder when 105044 is divided by 2244?
1820
What is the remainder when 66897 is divided by 808?
641
What is the remainder when 934439 is divided by 244?
163
What is the remainder when 75668363 is divided by 12?
11
Calculate the remainder when 23110801 is divided by 233.
230
Calculate the remainder when 11973874 is divided by 1069.
5
Calculate the remainder when 651103104 is divided by 135.
129
Calculate the remainder when 5729013 is divided by 82.
1
What is the remainder when 144940 is divided by 6027?
292
Calculate the remainder when 123857 is divided by 185.
92
What is the remainder when 4687856 is divided by 138?
134
Calculate the remainder when 9817310 is divided by 239446.
24
What is the remainder when 86861553 is divided by 3580?
13
Calculate the remainder when 15645743 is divided by 5215241.
20
Calculate the remainder when 1540128 is divided by 570.
558
Calculate the remainder when 273297 is divided by 10488.
609
What is the remainder when 3980287 is divided by 25?
12
Calculate the remainder when 668448 is divided by 489.
474
Calculate the remainder when 15019798 is divided by 1072842.
10
What is the remainder when 496760 is divided by 2317?
922
Calculate the remainder when 205625 is divided by 2855.
65
What is the remainder when 3437942 is divided by 381957?
329
Calculate the remainder when 325061 is divided by 2851.
47
What is the remainder when 1349115 is divided by 567?
222
What is the remainder when 256312 is divided by 5126?
12
What is the remainder when 4953037 is divided by 55652?
9
Calculate the remainder when 65130 is divided by 6551.
6171
Calculate the remainder when 13179138 is divided by 147.
0
What is the remainder when 229841 is divided by 76557?
170
Calculate the remainder when 166232 is divided by 1643.
289
Calculate the remainder when 67581322 is divided by 1048.
1042
Calculate the remainder when 6182456 is divided by 1030397.
74
What is the remainder when 12624832 is divided by 701375?
82
Calculate the remainder when 8202088 is divided by 915.
28
Calculate the remainder when 20134084 is divided by 2152.
2124
What is the remainder when 15933 is divided by 2044?
1625
Calculate the remainder when 86057869 is divided by 9561985.
4
What is the remainder when 44706509 is divided by 16?
13
Calculate the remainder when 90706132 is divided by 773.
766
Calculate the remainder when 254480985 is divided by 166.
163
Calculate the remainder when 5443916 is divided by 2298.
2252
What is the remainder when 27678627 is divided by 4867?
4865
What is the remainder when 687532545 is divided by 229177512?
9
What is the remainder when 895837 is divided by 119?
5
What is the remainder when 103026 is divided by 9565?
7376
What is the remainder when 124774 is divided by 12446?
314
What is the remainder when 754111 is divided by 348?
343
Calculate the remainder when 632176 is divided by 301.
76
What is the remainder when 112078061 is divided by 14584?
21
Calculate the remainder when 363979 is divided by 1872.
811
What is the remainde